 multiple of 11?
False
Is 1786 a multiple of 38?
True
Is 34 a factor of 1172?
False
Is 382 a multiple of 74?
False
Is 4526 a multiple of 24?
False
Is 16 a factor of 1614?
False
Is 11 a factor of 8316?
True
Is 45 a factor of 17907?
False
Does 206 divide 23769?
False
Is 3 a factor of 307?
False
Does 85 divide 2720?
True
Is 1575 a multiple of 45?
True
Does 7 divide 160?
False
Does 22 divide 198?
True
Does 55 divide 6385?
False
Does 12 divide 681?
False
Is 19743 a multiple of 50?
False
Is 13 a factor of 1976?
True
Is 347 a multiple of 13?
False
Does 6 divide 337?
False
Does 31 divide 1181?
False
Is 6033 a multiple of 3?
True
Is 39 a factor of 722?
False
Does 82 divide 3737?
False
Is 16 a factor of 32037?
False
Does 18 divide 25434?
True
Does 10 divide 2136?
False
Is 36 a factor of 1527?
False
Is 5468 a multiple of 3?
False
Is 23 a factor of 207?
True
Does 120 divide 3000?
True
Is 8907 a multiple of 18?
False
Is 6 a factor of 144?
True
Does 61 divide 915?
True
Is 15946 a multiple of 47?
False
Is 67 a factor of 4422?
True
Is 1560 a multiple of 4?
True
Is 1539 a multiple of 19?
True
Does 30 divide 1367?
False
Is 13576 a multiple of 25?
False
Does 17 divide 4862?
True
Is 574 a multiple of 18?
False
Is 539 a multiple of 2?
False
Is 182 a multiple of 5?
False
Does 6 divide 3305?
False
Is 12 a factor of 269?
False
Is 1314 a multiple of 18?
True
Does 8 divide 17043?
False
Does 21 divide 19068?
True
Is 16 a factor of 675?
False
Is 8 a factor of 312?
True
Does 17 divide 27649?
False
Does 102 divide 1224?
True
Is 34 a factor of 1054?
True
Is 89195 a multiple of 28?
False
Is 18 a factor of 13716?
True
Is 21 a factor of 20412?
True
Is 96 a factor of 4907?
False
Does 68 divide 40120?
True
Does 3 divide 51?
True
Is 71 a factor of 12851?
True
Is 32 a factor of 736?
True
Does 21 divide 11130?
True
Is 720 a multiple of 36?
True
Is 6137 a multiple of 19?
True
Is 196 a multiple of 4?
True
Does 2 divide 497?
False
Does 73 divide 6897?
False
Does 10 divide 6410?
True
Does 74 divide 16354?
True
Is 33537 a multiple of 8?
False
Is 693 a multiple of 30?
False
Is 88 a factor of 11264?
True
Does 10 divide 790?
True
Is 982 a multiple of 2?
True
Is 2721 a multiple of 2?
False
Is 11 a factor of 4163?
False
Does 6 divide 72?
True
Is 46 a factor of 10258?
True
Is 354 a multiple of 3?
True
Is 6102 a multiple of 27?
True
Does 3 divide 4079?
False
Is 33 a factor of 26202?
True
Is 5 a factor of 19?
False
Is 26 a factor of 148?
False
Does 61 divide 16531?
True
Does 5 divide 1608?
False
Is 16 a factor of 496?
True
Is 5 a factor of 505?
True
Is 44 a factor of 967?
False
Is 4838 a multiple of 8?
False
Is 6391 a multiple of 11?
True
Does 70 divide 2870?
True
Is 1063 a multiple of 24?
False
Does 122 divide 4026?
True
Does 31 divide 6983?
False
Is 40280 a multiple of 20?
True
Is 11079 a multiple of 51?
False
Is 22 a factor of 10230?
True
Does 9 divide 21701?
False
Is 28528 a multiple of 16?
True
Is 4504 a multiple of 12?
False
Does 9 divide 928?
False
Is 12096 a multiple of 84?
True
Is 19 a factor of 36328?
True
Is 13 a factor of 2522?
True
Does 85 divide 5396?
False
Does 143 divide 26884?
True
Is 24095 a multiple of 12?
False
Does 71 divide 1775?
True
Is 456 a multiple of 8?
True
Is 10655 a multiple of 49?
False
Is 91 a factor of 1638?
True
Does 13 divide 43331?
False
Is 4248 a multiple of 24?
True
Is 9 a factor of 846?
True
Does 11 divide 374?
True
Is 1029 a multiple of 147?
True
Does 50 divide 766?
False
Is 1124 a multiple of 69?
False
Is 75328 a multiple of 176?
True
Is 2125 a multiple of 85?
True
Does 10 divide 35?
False
Is 37266 a multiple of 92?
False
Does 12 divide 3960?
True
Is 1151 a multiple of 5?
False
Is 34 a factor of 1781?
False
Is 69 a multiple of 3?
True
Does 44 divide 338?
False
Is 75 a factor of 12450?
True
Is 22 a factor of 7709?
False
Does 175 divide 86975?
True
Is 14514 a multiple of 41?
True
Does 83 divide 6161?
False
Does 111 divide 38739?
True
Is 58 a factor of 1162?
False
Is 56290 a multiple of 13?
True
Is 24 a factor of 5745?
False
Does 15 divide 780?
True
Is 62 a factor of 6981?
False
Does 42 divide 420?
True
Is 156 a multiple of 4?
True
Is 776 a multiple of 16?
False
Does 3 divide 8526?
True
Is 450 a multiple of 6?
True
Is 980 a multiple of 4?
True
Is 42 a factor of 8442?
True
Is 1593 even?
False
Is 52 a multiple of 4?
True
Does 70 divide 280?
True
Is 486 a multiple of 54?
True
Is 3 a factor of 1692?
True
Is 31 a factor of 404?
False
Is 151 a factor of 16089?
False
Is 47 a factor of 1586?
False
Is 105 a factor of 411?
False
Is 254 a multiple of 5?
False
Does 52 divide 12116?
True
Is 7928 a multiple of 59?
False
Is 12 a factor of 3748?
False
Does 19 divide 8170?
True
Does 5 divide 535?
True
Is 90 a factor of 1146?
False
Does 37 divide 2734?
False
Is 8 a factor of 3440?
True
Is 52 a factor of 1452?
False
Is 62984 a multiple of 107?
False
Is 41208 a multiple of 3?
True
Is 229 a factor of 73561?
False
Is 6 a factor of 11664?
True
Is 45 a factor of 14058?
False
Is 8330 a multiple of 70?
True
Does 3 divide 28?
False
Is 9 a factor of 334?
False
Does 35 divide 4494?
False
Does 6 divide 2123?
False
Is 2438 a multiple of 53?
True
Does 16 divide 72203?
False
Does 8 divide 2168?
True
Does 23 divide 897?
True
Is 13 a factor of 3944?
False
Is 3 a factor of 94?
False
Does 3 divide 300?
True
Is 3 a factor of 376?
False
Is 2 a factor of 4259?
False
Does 43 divide 19056?
False
Does 12 divide 2760?
True
Does 14 divide 6538?
True
Is 1410 a multiple of 141?
True
Is 273 a multiple of 39?
True
Is 8772 a multiple of 12?
True
Is 139200 a multiple of 120?
True
Does 9 divide 47736?
True
Does 14 divide 4410?
True
Is 6 a factor of 1446?
True
Is 13866 a multiple of 60?
False
Is 6 a factor of 28795?
False
Is 17077 a multiple of 13?
False
Is 84 a multiple of 14?
True
Does 5 divide 694?
False
Is 58 a factor of 270?
False
Does 5 divide 46589?
False
Is 33 a factor of 1452?
True
Is 9504 a multiple of 144?
True
Is 6500 a multiple of 25?
True
Is 2 a factor of 112?
True
Is 70 a multiple of 63?
False
Does 63 divide 24980?
False
Is 4752 a multiple of 24?
True
Is 10200 a multiple of 6?
True
Is 1314 a multiple of 9?
True
Is 53 a factor of 1483?
False
Does 9 divide 2027?
False
Is 39168 a multiple of 64?
True
Is 15974 a multiple of 98?
True
Is 585 a multiple of 39?
True
Does 125 divide 4625?
True
Does 14 divide 6901?
False
Does 29 divide 54452?
False
Does 26 divide 182?
True
Is 11 a factor of 12518?
True
Is 278 a multiple of 26?
False
Is 416 a multiple of 4?
True
Is 2251 a multiple of 9?
False
Is 11 a factor of 27434?
True
Does 11 divide 3318?
False
Is 9072 a multiple of 21?
True
Does 93 divide 651?
True
Is 225 a multiple of 5?
True
Is 4 a factor of 172?
True
Is 12 a factor of 9845?
False
Does 77 divide 45172?
False
Is 3568 a multiple of 18?
False
Does 203 divide 26999?
True
Is 37 a factor of 1960?
False
Is 171 a multiple of 26?
False
Does 100 divide 2600?
True
Is 32 a factor of 41225?
False
Is 14 a factor of 5367?
False
Does 18 divide 1548?
True
Does 9 divide 261?
True
Does 129 divide 1032?
True
Is 20 a factor of 20?
True
Is 25 a factor of 4400?
True
Does 21 divide 16562?
False
Is 43 a factor of 1978?
True
Does 26 divide 2626?
True
Does 70 divide 5116?
False
Is 6479 a multiple of 31?
True
Does 8 divide 14386?
False
Does 15 divide 12694?
False
Is 44 a factor of 53504?
True
Is 29 a factor of 6861?
False
Is 53 a multiple of 53?
True
Does 191 divide 28818?
False
Is 17012 a multiple of 58?
False
Is 91 a multiple of 3?
False
Is 25158 a multiple of 7?
True
Does 22 divide 1314?
False
Is 28 a factor of 56?
True
Is 238 a multiple of 17?
True
Does 272 divide 24208?
True
Is 8 a factor of 570?
False
Does 49 divide 14308?
True
Is 2517 a multiple of 7?
False
Is 5 a factor of 1395?
True
Is 11 a factor of 11085?
False
Does 20 divide 420?
True
Is 204 a factor of 70197?
False
Is 5 a factor of 170?
True
Is 25389 a multiple of 91?
True
Does 18 divide 53244?
True
Does 49 divide 343?
True
Is 5907 a multiple of 41?
False
Is 9 a factor of 216?
True
Is 20625 a multiple of 7?
False
Is 38 a factor of 2888?
True
Does 2 divide 21?
False
Is 235 a factor of 55930?
True
Does 20 divide 350?
False
Is 3438 a multiple of 30?
False
Does 2 divide 763?
False
Does 39 divide 6563?
False
Is 13600 a multiple of 68?
True
Is 8 a factor of 1152?
